{"id":752,"date":"2018-06-26T19:25:33","date_gmt":"2018-06-26T17:25:33","guid":{"rendered":"http:\/\/wp.a-lan.se\/?page_id=752"},"modified":"2019-12-29T20:15:52","modified_gmt":"2019-12-29T19:15:52","slug":"integritetspolicy","status":"publish","type":"page","link":"https:\/\/a-lan.se\/?page_id=752","title":{"rendered":"Villkor &#038; Regler"},"content":{"rendered":"<h1>Villkor &amp; Regler<\/h1>\n<ul>\n<li>Vid anm\u00e4lan till ett event\/LAN accepterar du att du samtidigt blir medlem i f\u00f6reningen AskersundsLAN.<\/li>\n<li>Medlemsavgiften \u00e4r 50 SEK per \u00e5r och inkluderas automatiskt i avgiften f\u00f6r tilltr\u00e4de till medlemmens f\u00f6rsta event\/LAN per \u00e5r.<\/li>\n<li>Alkohol och narkotika tolereras ej under v\u00e5ra event\/LAN, oavsett form. Den som ertappas med alkohol\/narkotika eller visar sig vara p\u00e5verkad utav alkohol\/narkotika, blir omedelbart avhyst och svartlistad fr\u00e5n A-LAN.<\/li>\n<li>R\u00f6kning tolereras ej inomhus. A-LAN f\u00f6rbeh\u00e5ller sig r\u00e4tten att omedelbart avhysa och svartlista den som r\u00f6ker inomhus.<\/li>\n<li>Varje deltagare \u00e4r personligen ansvarig f\u00f6r sina handlingar, och kommer att h\u00e5llas ers\u00e4ttningsskyldig av A-LAN f\u00f6r eventuella skador orsakat av medlemmen p\u00e5 lokal eller material. Medveten skadeg\u00f6relse \u00e4r grund f\u00f6r avhysning och svartlistning.<\/li>\n<li>A-LAN tar inget ansvar f\u00f6r trafiken p\u00e5 n\u00e4tverket eller inneh\u00e5ll i deltagares datorer. A-LAN tar heller inte n\u00e5got ansvar f\u00f6r viruskontroll, skador p\u00e5 deltagarnas utrustning, eller f\u00f6rlust av data eller medhavd utrustning. Dock kommer vi naturligtvis arbeta f\u00f6r att v\u00e5ra event\/LAN ska bli s\u00e5 s\u00e4kra och trevliga som m\u00f6jligt.<\/li>\n<li>Crew i A-LAN, tillsammans med utsedda fotograf-ansvariga, kommer att fotografera och eventuellt filma under v\u00e5ra event\/LAN, och det materialet kan komma att publiceras i b\u00e5de retuscherad och oretuscherad form p\u00e5 A-LANs hemsida och \u00f6vriga medier i A-LANs namn. Deltagare p\u00e5 v\u00e5ra event\/LAN godk\u00e4nner i och med sin anm\u00e4lan, att medvetet eller omedvetet synas i dessa bilder eller filmer\/videor.<br \/>\nA-LAN \u00e4ger r\u00e4ttigheterna till bilder\/filmer\/videor som producerats under v\u00e5ra event\/LAN, och best\u00e4mmer env\u00e4ldigt \u00f6ver hur materialet anv\u00e4nds, eller inte anv\u00e4nds.<\/li>\n<li>Crew i A-LAN f\u00f6rbeh\u00e5ller sig r\u00e4tten att \u00e4ndra p\u00e5 priser och andra t\u00e4vlingsmoment d\u00e5 vi anser det vara befogat, och att vi inte genomf\u00f6r en t\u00e4vling som \u00e4r utannonserad pga l\u00e5gt deltagarantal eller \u00f6vriga hinder.<\/li>\n<li>Inbetalade avgifter \u00e5terbetalas inte vid avhysning, kr\u00e5nglande n\u00e4tverk eller el, eller andra liknande st\u00f6rningsmoment samt vid sen avanm\u00e4lan. Senast 2 dagar innan lanet startar s\u00e5 kan man inte f\u00e5 inbetald avgift tillbaka.<\/li>\n<li>Crew har r\u00e4tt att godtyckligt sl\u00e4ppa in tillf\u00e4lliga bes\u00f6kare (inte extra deltagare) till v\u00e5ra event\/LAN. F\u00f6r alla situationer som inte t\u00e4cks in av ovanst\u00e5ende regler g\u00e4ller att Crew&#8217;s ord \u00e4r lag.<\/li>\n<li>I \u00f6vrigt litar vi p\u00e5 deltagarnas k\u00e4nsla f\u00f6r ordning och reda, samt &#8220;sunt f\u00f6rnuft&#8221;, vad g\u00e4ller nedskr\u00e4pning och uppf\u00f6rande. Den som efter tills\u00e4gelse fortfarande inte f\u00f6rb\u00e4ttrar sitt beteende kan komma att bli utsl\u00e4ngd. F\u00f6r att uppr\u00e4tth\u00e5lla ordning under v\u00e5ra event\/LAN f\u00f6rbeh\u00e5ller sig Crew r\u00e4tten att neka personer tilltr\u00e4de till v\u00e5ra event\/LAN, och att n\u00e4r som helst avhysa den eller de som missk\u00f6ter sig.<\/li>\n<li>Det \u00e4r deltagarens skyldighet att h\u00e5lla sig informerad om v\u00e5ra kommande event\/LAN via v\u00e5r hemsida, sociala medier, eller genom att kontakta oss inf\u00f6r eller under v\u00e5ra event\/LAN. Det \u00e4r var deltagares skyldighet att uppm\u00e4rksamma de regler och best\u00e4mmelser som det informeras om av Crew i samband med start av varje event\/LAN.<\/li>\n<\/ul>\n","protected":false},"excerpt":{"rendered":"<p>Villkor &amp; Regler Vid anm\u00e4lan till ett event\/LAN accepterar du att du samtidigt blir medlem i f\u00f6reningen AskersundsLAN. Medlemsavgiften \u00e4r<\/p>\n","protected":false},"author":783,"featured_media":0,"parent":0,"menu_order":0,"comment_status":"closed","ping_status":"closed","template":"","meta":{"colormag_page_layout":"default_layout","footnotes":""},"class_list":["post-752","page","type-page","status-publish","hentry"],"_links":{"self":[{"href":"https:\/\/a-lan.se\/index.php?rest_route=\/wp\/v2\/pages\/752","targetHints":{"allow":["GET"]}}],"collection":[{"href":"https:\/\/a-lan.se\/index.php?rest_route=\/wp\/v2\/pages"}],"about":[{"href":"https:\/\/a-lan.se\/index.php?rest_route=\/wp\/v2\/types\/page"}],"author":[{"embeddable":true,"href":"https:\/\/a-lan.se\/index.php?rest_route=\/wp\/v2\/users\/783"}],"replies":[{"embeddable":true,"href":"https:\/\/a-lan.se\/index.php?rest_route=%2Fwp%2Fv2%2Fcomments&post=752"}],"version-history":[{"count":7,"href":"https:\/\/a-lan.se\/index.php?rest_route=\/wp\/v2\/pages\/752\/revisions"}],"predecessor-version":[{"id":5063,"href":"https:\/\/a-lan.se\/index.php?rest_route=\/wp\/v2\/pages\/752\/revisions\/5063"}],"wp:attachment":[{"href":"https:\/\/a-lan.se\/index.php?rest_route=%2Fwp%2Fv2%2Fmedia&parent=752"}],"curies":[{"name":"wp","href":"https:\/\/api.w.org\/{rel}","templated":true}]}}